{"id":7799,"date":"2018-01-14T12:43:06","date_gmt":"2018-01-14T10:43:06","guid":{"rendered":"https:\/\/valenciasaa.salesianos.edu\/ampas\/?page_id=7799"},"modified":"2026-01-13T18:19:52","modified_gmt":"2026-01-13T16:19:52","slug":"organizacion","status":"publish","type":"page","link":"https:\/\/valenciasaa.salesianos.edu\/ampas\/organizacion\/","title":{"rendered":"Organizaci\u00f3n"},"content":{"rendered":"<p>[et_pb_section fb_built=\u00bb1&#8243; fullwidth=\u00bbon\u00bb _builder_version=\u00bb4.16&#8243; global_colors_info=\u00bb{}\u00bb][et_pb_fullwidth_header title=\u00bbOrganizaci\u00f3n\u00bb module_class=\u00bbpagina-imagen-cabecera\u00bb _builder_version=\u00bb4.16&#8243; background_color=\u00bbrgba(255, 255, 255, 0)\u00bb background_image=\u00bbhttps:\/\/alicante.salesianos.edu\/wp-content\/uploads\/2017\/05\/encabezado_noticias_casa-min.png\u00bb background_layout=\u00bblight\u00bb max_width_tablet=\u00bb50px\u00bb global_colors_info=\u00bb{}\u00bb button_one_text_size__hover_enabled=\u00bboff\u00bb button_two_text_size__hover_enabled=\u00bboff\u00bb button_one_text_color__hover_enabled=\u00bboff\u00bb button_two_text_color__hover_enabled=\u00bboff\u00bb button_one_border_width__hover_enabled=\u00bboff\u00bb button_two_border_width__hover_enabled=\u00bboff\u00bb button_one_border_color__hover_enabled=\u00bboff\u00bb button_two_border_color__hover_enabled=\u00bboff\u00bb button_one_border_radius__hover_enabled=\u00bboff\u00bb button_two_border_radius__hover_enabled=\u00bboff\u00bb button_one_letter_spacing__hover_enabled=\u00bboff\u00bb button_two_letter_spacing__hover_enabled=\u00bboff\u00bb button_one_bg_color__hover_enabled=\u00bboff\u00bb button_two_bg_color__hover_enabled=\u00bboff\u00bb][\/et_pb_fullwidth_header][\/et_pb_section][et_pb_section fb_built=\u00bb1&#8243; admin_label=\u00bbsection\u00bb _builder_version=\u00bb4.16&#8243; custom_padding=\u00bb21px||8px|||\u00bb global_colors_info=\u00bb{}\u00bb][et_pb_row _builder_version=\u00bb4.16&#8243; custom_margin=\u00bb1px|auto||auto||\u00bb custom_padding=\u00bb25px|||\u00bb global_colors_info=\u00bb{}\u00bb][et_pb_column type=\u00bb4_4&#8243; _builder_version=\u00bb4.16&#8243; custom_padding=\u00bb|||\u00bb global_colors_info=\u00bb{}\u00bb custom_padding__hover=\u00bb|||\u00bb][et_pb_text _builder_version=\u00bb4.16&#8243; global_colors_info=\u00bb{}\u00bb]<\/p>\n<h1>\u00bfQu\u00e9 es AMPAS?<\/h1>\n<p style=\"text-align: justify\">Nuestro AMPAS es una Asociaci\u00f3n sin \u00e1nimo de lucro inscrita en el Registro Provincial de Asociaciones y en el Censo de Asociaciones de AMPAS de la Conseller\u00eda de Educaci\u00f3n y Cultura de la Generalitat Valenciana<\/p>\n<p>[\/et_pb_text][et_pb_tabs _builder_version=\u00bb4.16&#8243; tab_font=\u00bbAmatic SC||||\u00bb tab_font_size=\u00bb24px\u00bb global_colors_info=\u00bb{}\u00bb][et_pb_tab title=\u00bbASAMBLEA\u00bb _builder_version=\u00bb4.16&#8243; tab_font=\u00bb||||||||\u00bb global_colors_info=\u00bb{}\u00bb]<\/p>\n<h2>La Asamblea<\/h2>\n<p>La Asamblea General, formada por todos los socios, es el \u00f3rgano superior de gobierno de la Asociaci\u00f3n.<\/p>\n<p>Los acuerdos, adoptados de forma democr\u00e1tica, son de obligado cumplimiento para todos los socios.<\/p>\n<p>Convocada y presidida por el Presidente se reune al menos una vez al a\u00f1o.<\/p>\n<p>Las Asambleas Generales pueden ser Ordinarias o Extraordinarias, dependiendo de los temas a tratar.<\/p>\n<p>Entre sus cometidos est\u00e1n la aprobaci\u00f3n de cuotas, memoria anual de actividades, balance de cuentas y presupuestos, la elecci\u00f3n de Presidente y su Junta Directiva, la modificaci\u00f3n de Estatutos,\u2026<\/p>\n<p>Los acuerdos se consignan en el libro de Actas.<\/p>\n<p>[\/et_pb_tab][et_pb_tab title=\u00bbJUNTA DIRECTIVA\u00bb _builder_version=\u00bb4.16&#8243; tab_font=\u00bb||||||||\u00bb global_colors_info=\u00bb{}\u00bb]<\/p>\n<h2>La Junta Directiva<\/h2>\n<p>La\u00a0<strong>Junta Directiva<\/strong> est\u00e1 compuesta por un\/a Presidente\/a, un\/a Secretario\/a, un\/a Tesorero\/a y ocho vocales.<\/p>\n<p>Sus miembros son elegidos democr\u00e1ticamente en Asamblea General y ejercen su cargo por un per\u00edodo de cuatro a\u00f1os, pudiendo ser reelegidos. Los cargos se renuevan cada dos a\u00f1os, de acuerdo con lo establecido en los estatutos de la Asociaci\u00f3n.\u00a0<\/p>\n<p>La Junta Directiva es el \u00f3rgano encargado de gestionar y resolver todos aquellos asuntos que no est\u00e9n atribuidos de forma especifica a la Asamblea General, velando por el correcto funcionamiento de la Asociaci\u00f3n y por el desarrollo de las actividades que esta promueve.<\/p>\n<p>La actual Junta Directiva se re\u00fane mensualmente, lo que permite coordinar las distintas iniciativas, atender las necesidades de las familias asociadas y dar continuidad a los proyectos del AMPAS.<\/p>\n<p>[\/et_pb_tab][et_pb_tab title=\u00bbCOLABORADORES\u00bb _builder_version=\u00bb4.16&#8243; tab_font=\u00bb||||||||\u00bb global_colors_info=\u00bb{}\u00bb]<\/p>\n<h2>Colaboradores<\/h2>\n<p>Los padres y madres de nuestro alumnado conocen los problemas y preocupaciones que les afecta de forma m\u00e1s directa.<\/p>\n<p>Los vocales de curso se encargan de proponer soluciones y transmitir dichos problemas.\u00a0<\/p>\n<p>[\/et_pb_tab][\/et_pb_tabs][\/et_pb_column][\/et_pb_row][\/et_pb_section][et_pb_section fb_built=\u00bb1&#8243; _builder_version=\u00bb4.16&#8243; custom_padding=\u00bb6px||22px|||\u00bb global_colors_info=\u00bb{}\u00bb][et_pb_row _builder_version=\u00bb4.16&#8243; background_size=\u00bbinitial\u00bb background_position=\u00bbtop_left\u00bb background_repeat=\u00bbrepeat\u00bb global_colors_info=\u00bb{}\u00bb][et_pb_column type=\u00bb4_4&#8243; _builder_version=\u00bb4.16&#8243; custom_padding=\u00bb|||\u00bb global_colors_info=\u00bb{}\u00bb custom_padding__hover=\u00bb|||\u00bb][et_pb_cta title=\u00bbJunta Directiva\u00bb _builder_version=\u00bb4.16&#8243; header_font=\u00bbAmatic SC||||\u00bb header_font_size=\u00bb72px\u00bb body_font_size=\u00bb15px\u00bb background_color=\u00bb#e02b20&#8243; background_blend=\u00bbdarken\u00bb custom_margin=\u00bb0px|||||\u00bb custom_padding=\u00bb||4px|||\u00bb global_colors_info=\u00bb{}\u00bb button_text_size__hover_enabled=\u00bboff\u00bb button_one_text_size__hover_enabled=\u00bboff\u00bb button_two_text_size__hover_enabled=\u00bboff\u00bb button_text_color__hover_enabled=\u00bboff\u00bb button_one_text_color__hover_enabled=\u00bboff\u00bb button_two_text_color__hover_enabled=\u00bboff\u00bb button_border_width__hover_enabled=\u00bboff\u00bb button_one_border_width__hover_enabled=\u00bboff\u00bb button_two_border_width__hover_enabled=\u00bboff\u00bb button_border_color__hover_enabled=\u00bboff\u00bb button_one_border_color__hover_enabled=\u00bboff\u00bb button_two_border_color__hover_enabled=\u00bboff\u00bb button_border_radius__hover_enabled=\u00bboff\u00bb button_one_border_radius__hover_enabled=\u00bboff\u00bb button_two_border_radius__hover_enabled=\u00bboff\u00bb button_letter_spacing__hover_enabled=\u00bboff\u00bb button_one_letter_spacing__hover_enabled=\u00bboff\u00bb button_two_letter_spacing__hover_enabled=\u00bboff\u00bb button_bg_color__hover_enabled=\u00bboff\u00bb button_one_bg_color__hover_enabled=\u00bboff\u00bb button_two_bg_color__hover_enabled=\u00bboff\u00bb]<\/p>\n<table style=\"width: 963px\">\n<caption>\u00a0<\/caption>\n<tbody>\n<tr>\n<td style=\"width: 433.788px\">\n<p style=\"text-align: center\"><strong><span style=\"font-size: 15px\">Presidencia<\/span><\/strong><\/p>\n<p style=\"text-align: center\">LUC\u00cdA REVERT MOLT\u00d3<\/p>\n<p style=\"text-align: center\"><strong>Secretar\u00eda<\/strong><\/p>\n<p style=\"text-align: center\">ANA MU\u00d1OZ L\u00d3PEZ<\/p>\n<p style=\"text-align: center\"><strong>Tesorer\u00eda<\/strong><\/p>\n<p style=\"text-align: center\">TERESA MU\u00d1OZ MATEO<\/p>\n<\/td>\n<td style=\"width: 528.412px;text-align: center\">\n<p><strong style=\"font-size: 15px\">Vocales<\/strong><\/p>\n<p>JOS\u00c9 SALVADOR SOLAZ ABRIL<\/p>\n<p><span style=\"font-size: 15px\">\u00d3SCAR PALANCA DOLZ<\/span><\/p>\n<p><span style=\"font-size: 15px\">MAR\u00cdA TERESA BUENO PABLO<\/span><\/p>\n<p><span style=\"font-size: 15px\">NEREA ROIG GALLEGO<\/span><\/p>\n<p><span style=\"font-size: 15px\">IRIS ROMERO PARDO<\/span><\/p>\n<p><span style=\"font-size: 15px\">ISABEL MIRALLES ROMERO<\/span><\/p>\n<p><span style=\"font-size: 15px\">CRISTINA L\u00d3PEZ D\u00cdAZ<\/span><\/p>\n<p><span style=\"font-size: 15px\">LAURA IB\u00c1\u00d1EZ P\u00c9REZ\u00a0<\/span><\/p>\n<\/td>\n<\/tr>\n<\/tbody>\n<\/table>\n<p>[\/et_pb_cta][\/et_pb_column][\/et_pb_row][\/et_pb_section]<\/p>\n","protected":false},"excerpt":{"rendered":"<p>\u00bfQu\u00e9 es AMPAS? Nuestro AMPAS es una Asociaci\u00f3n sin \u00e1nimo de lucro inscrita en el Registro Provincial de Asociaciones y en el Censo de Asociaciones de AMPAS de la Conseller\u00eda de Educaci\u00f3n y Cultura de la Generalitat ValencianaLa Asamblea La Asamblea General, formada por todos los socios, es el \u00f3rgano superior de gobierno de la [&hellip;]<\/p>\n","protected":false},"author":2,"featured_media":0,"parent":0,"menu_order":0,"comment_status":"closed","ping_status":"closed","template":"","meta":{"_et_pb_use_builder":"on","_et_pb_old_content":"","_et_gb_content_width":"","footnotes":""},"class_list":["post-7799","page","type-page","status-publish","hentry"],"yoast_head":"<!-- This site is optimized with the Yoast SEO plugin v27.3 - https:\/\/yoast.com\/product\/yoast-seo-wordpress\/ -->\n<title>Organizaci\u00f3n - AMPAS<\/title>\n<meta name=\"robots\" content=\"index, follow, max-snippet:-1, max-image-preview:large, max-video-preview:-1\" \/>\n<link rel=\"canonical\" href=\"https:\/\/valenciasaa.salesianos.edu\/ampas\/organizacion\/\" \/>\n<meta property=\"og:locale\" content=\"es_ES\" \/>\n<meta property=\"og:type\" content=\"article\" \/>\n<meta property=\"og:title\" content=\"Organizaci\u00f3n - AMPAS\" \/>\n<meta property=\"og:description\" content=\"\u00bfQu\u00e9 es AMPAS? Nuestro AMPAS es una Asociaci\u00f3n sin \u00e1nimo de lucro inscrita en el Registro Provincial de Asociaciones y en el Censo de Asociaciones de AMPAS de la Conseller\u00eda de Educaci\u00f3n y Cultura de la Generalitat ValencianaLa Asamblea La Asamblea General, formada por todos los socios, es el \u00f3rgano superior de gobierno de la [&hellip;]\" \/>\n<meta property=\"og:url\" content=\"https:\/\/valenciasaa.salesianos.edu\/ampas\/organizacion\/\" \/>\n<meta property=\"og:site_name\" content=\"AMPAS\" \/>\n<meta property=\"article:modified_time\" content=\"2026-01-13T16:19:52+00:00\" \/>\n<meta name=\"twitter:card\" content=\"summary_large_image\" \/>\n<meta name=\"twitter:label1\" content=\"Tiempo de lectura\" \/>\n\t<meta name=\"twitter:data1\" content=\"4 minutos\" \/>\n<script type=\"application\/ld+json\" class=\"yoast-schema-graph\">{\"@context\":\"https:\\\/\\\/schema.org\",\"@graph\":[{\"@type\":\"WebPage\",\"@id\":\"https:\\\/\\\/valenciasaa.salesianos.edu\\\/ampas\\\/organizacion\\\/\",\"url\":\"https:\\\/\\\/valenciasaa.salesianos.edu\\\/ampas\\\/organizacion\\\/\",\"name\":\"Organizaci\u00f3n - AMPAS\",\"isPartOf\":{\"@id\":\"https:\\\/\\\/valenciasaa.salesianos.edu\\\/ampas\\\/#website\"},\"datePublished\":\"2018-01-14T10:43:06+00:00\",\"dateModified\":\"2026-01-13T16:19:52+00:00\",\"breadcrumb\":{\"@id\":\"https:\\\/\\\/valenciasaa.salesianos.edu\\\/ampas\\\/organizacion\\\/#breadcrumb\"},\"inLanguage\":\"es\",\"potentialAction\":[{\"@type\":\"ReadAction\",\"target\":[\"https:\\\/\\\/valenciasaa.salesianos.edu\\\/ampas\\\/organizacion\\\/\"]}]},{\"@type\":\"BreadcrumbList\",\"@id\":\"https:\\\/\\\/valenciasaa.salesianos.edu\\\/ampas\\\/organizacion\\\/#breadcrumb\",\"itemListElement\":[{\"@type\":\"ListItem\",\"position\":1,\"name\":\"Portada\",\"item\":\"https:\\\/\\\/valenciasaa.salesianos.edu\\\/ampas\\\/\"},{\"@type\":\"ListItem\",\"position\":2,\"name\":\"Organizaci\u00f3n\"}]},{\"@type\":\"WebSite\",\"@id\":\"https:\\\/\\\/valenciasaa.salesianos.edu\\\/ampas\\\/#website\",\"url\":\"https:\\\/\\\/valenciasaa.salesianos.edu\\\/ampas\\\/\",\"name\":\"AMPAS\",\"description\":\"P\u00e1gina oficial de Salesianos San Antonio Abad Valencia\",\"potentialAction\":[{\"@type\":\"SearchAction\",\"target\":{\"@type\":\"EntryPoint\",\"urlTemplate\":\"https:\\\/\\\/valenciasaa.salesianos.edu\\\/ampas\\\/?s={search_term_string}\"},\"query-input\":{\"@type\":\"PropertyValueSpecification\",\"valueRequired\":true,\"valueName\":\"search_term_string\"}}],\"inLanguage\":\"es\"}]}<\/script>\n<!-- \/ Yoast SEO plugin. -->","yoast_head_json":{"title":"Organizaci\u00f3n - AMPAS","robots":{"index":"index","follow":"follow","max-snippet":"max-snippet:-1","max-image-preview":"max-image-preview:large","max-video-preview":"max-video-preview:-1"},"canonical":"https:\/\/valenciasaa.salesianos.edu\/ampas\/organizacion\/","og_locale":"es_ES","og_type":"article","og_title":"Organizaci\u00f3n - AMPAS","og_description":"\u00bfQu\u00e9 es AMPAS? Nuestro AMPAS es una Asociaci\u00f3n sin \u00e1nimo de lucro inscrita en el Registro Provincial de Asociaciones y en el Censo de Asociaciones de AMPAS de la Conseller\u00eda de Educaci\u00f3n y Cultura de la Generalitat ValencianaLa Asamblea La Asamblea General, formada por todos los socios, es el \u00f3rgano superior de gobierno de la [&hellip;]","og_url":"https:\/\/valenciasaa.salesianos.edu\/ampas\/organizacion\/","og_site_name":"AMPAS","article_modified_time":"2026-01-13T16:19:52+00:00","twitter_card":"summary_large_image","twitter_misc":{"Tiempo de lectura":"4 minutos"},"schema":{"@context":"https:\/\/schema.org","@graph":[{"@type":"WebPage","@id":"https:\/\/valenciasaa.salesianos.edu\/ampas\/organizacion\/","url":"https:\/\/valenciasaa.salesianos.edu\/ampas\/organizacion\/","name":"Organizaci\u00f3n - AMPAS","isPartOf":{"@id":"https:\/\/valenciasaa.salesianos.edu\/ampas\/#website"},"datePublished":"2018-01-14T10:43:06+00:00","dateModified":"2026-01-13T16:19:52+00:00","breadcrumb":{"@id":"https:\/\/valenciasaa.salesianos.edu\/ampas\/organizacion\/#breadcrumb"},"inLanguage":"es","potentialAction":[{"@type":"ReadAction","target":["https:\/\/valenciasaa.salesianos.edu\/ampas\/organizacion\/"]}]},{"@type":"BreadcrumbList","@id":"https:\/\/valenciasaa.salesianos.edu\/ampas\/organizacion\/#breadcrumb","itemListElement":[{"@type":"ListItem","position":1,"name":"Portada","item":"https:\/\/valenciasaa.salesianos.edu\/ampas\/"},{"@type":"ListItem","position":2,"name":"Organizaci\u00f3n"}]},{"@type":"WebSite","@id":"https:\/\/valenciasaa.salesianos.edu\/ampas\/#website","url":"https:\/\/valenciasaa.salesianos.edu\/ampas\/","name":"AMPAS","description":"P\u00e1gina oficial de Salesianos San Antonio Abad Valencia","potentialAction":[{"@type":"SearchAction","target":{"@type":"EntryPoint","urlTemplate":"https:\/\/valenciasaa.salesianos.edu\/ampas\/?s={search_term_string}"},"query-input":{"@type":"PropertyValueSpecification","valueRequired":true,"valueName":"search_term_string"}}],"inLanguage":"es"}]}},"_links":{"self":[{"href":"https:\/\/valenciasaa.salesianos.edu\/ampas\/wp-json\/wp\/v2\/pages\/7799","targetHints":{"allow":["GET"]}}],"collection":[{"href":"https:\/\/valenciasaa.salesianos.edu\/ampas\/wp-json\/wp\/v2\/pages"}],"about":[{"href":"https:\/\/valenciasaa.salesianos.edu\/ampas\/wp-json\/wp\/v2\/types\/page"}],"author":[{"embeddable":true,"href":"https:\/\/valenciasaa.salesianos.edu\/ampas\/wp-json\/wp\/v2\/users\/2"}],"replies":[{"embeddable":true,"href":"https:\/\/valenciasaa.salesianos.edu\/ampas\/wp-json\/wp\/v2\/comments?post=7799"}],"version-history":[{"count":18,"href":"https:\/\/valenciasaa.salesianos.edu\/ampas\/wp-json\/wp\/v2\/pages\/7799\/revisions"}],"predecessor-version":[{"id":8631,"href":"https:\/\/valenciasaa.salesianos.edu\/ampas\/wp-json\/wp\/v2\/pages\/7799\/revisions\/8631"}],"wp:attachment":[{"href":"https:\/\/valenciasaa.salesianos.edu\/ampas\/wp-json\/wp\/v2\/media?parent=7799"}],"curies":[{"name":"wp","href":"https:\/\/api.w.org\/{rel}","templated":true}]}}