{"id":7901,"date":"2018-10-09T23:33:37","date_gmt":"2018-10-09T21:33:37","guid":{"rendered":"https:\/\/valenciasaa.salesianos.edu\/ampas\/?page_id=7901"},"modified":"2018-10-11T14:26:46","modified_gmt":"2018-10-11T12:26:46","slug":"preguntas-frecuentes","status":"publish","type":"page","link":"https:\/\/valenciasaa.salesianos.edu\/ampas\/preguntas-frecuentes\/","title":{"rendered":"Preguntas Frecuentes"},"content":{"rendered":"<p>[et_pb_section fb_built=\u00bb1&#8243; fullwidth=\u00bbon\u00bb _builder_version=\u00bb3.0.69&#8243;][et_pb_fullwidth_header title=\u00bbPreguntas Frecuentes\u00bb module_class=\u00bbpagina-imagen-cabecera\u00bb _builder_version=\u00bb3.0.94&#8243; background_image=\u00bbhttps:\/\/alicante.salesianos.edu\/wp-content\/uploads\/2017\/05\/encabezado_noticias_casa-min.png\u00bb max_width_tablet=\u00bb50px\u00bb][\/et_pb_fullwidth_header][\/et_pb_section][et_pb_section fb_built=\u00bb1&#8243; _builder_version=\u00bb3.0.47&#8243;][et_pb_row _builder_version=\u00bb3.0.47&#8243; background_size=\u00bbinitial\u00bb background_position=\u00bbtop_left\u00bb background_repeat=\u00bbrepeat\u00bb][et_pb_column type=\u00bb4_4&#8243; _builder_version=\u00bb3.0.47&#8243; parallax=\u00bboff\u00bb parallax_method=\u00bbon\u00bb][et_pb_text background_layout=\u00bbdark\u00bb _builder_version=\u00bb3.0.94&#8243; text_font=\u00bb||||\u00bb text_font_size=\u00bb21px\u00bb text_line_height=\u00bb1em\u00bb header_font=\u00bb||||\u00bb header_font_size=\u00bb44px\u00bb background_color=\u00bb#e02b20&#8243; custom_margin=\u00bb25px|||\u00bb custom_padding=\u00bb20px||10px|\u00bb]&nbsp;<\/p>\n<h2>\u00a0 \u00a0 PREGUNTAS FRECUENTES<\/h2>\n<p>&nbsp;<br \/>\n[\/et_pb_text][et_pb_accordion disabled_on=\u00bboff|off|off\u00bb _builder_version=\u00bb3.0.94&#8243; toggle_font=\u00bb||||\u00bb toggle_font_size=\u00bb17px\u00bb toggle_text_color=\u00bb#dc001b\u00bb border_width_all=\u00bb0px\u00bb border_color_all=\u00bb#e5e5e5&#8243; use_border_color=\u00bbon\u00bb border_color=\u00bb#e5e5e5&#8243; border_width=\u00bb0px\u00bb][et_pb_accordion_item title=\u00bb\u00bfC\u00f3mo puedo hacerme socio\/a de AMPAS?\u00bb open=\u00bbon\u00bb _builder_version=\u00bb3.0.94&#8243; title_text_shadow_horizontal_length=\u00bb0em\u00bb title_text_shadow_vertical_length=\u00bb0em\u00bb title_text_shadow_blur_strength=\u00bb0em\u00bb body_text_shadow_horizontal_length=\u00bb0em\u00bb body_text_shadow_vertical_length=\u00bb0em\u00bb body_text_shadow_blur_strength=\u00bb0em\u00bb]<\/p>\n<p>Hacerte socio\/a de AMPAS es muy f\u00e1cil, tan solo tienes que ir a la porter\u00eda del colegio\u00a0 y solicitar el impreso de autorizaci\u00f3n.<\/p>\n<p>[\/et_pb_accordion_item][et_pb_accordion_item title=\u00bb\u00bfC\u00f3mo puedo ponerme en contacto con AMPAS?\u00bb _builder_version=\u00bb3.0.94&#8243; title_text_shadow_horizontal_length=\u00bb0em\u00bb title_text_shadow_vertical_length=\u00bb0em\u00bb title_text_shadow_blur_strength=\u00bb0em\u00bb body_text_shadow_horizontal_length=\u00bb0em\u00bb body_text_shadow_vertical_length=\u00bb0em\u00bb body_text_shadow_blur_strength=\u00bb0em\u00bb open=\u00bboff\u00bb]Tienes tres formas de ponerte en contacto con nosotras\/os.<\/p>\n<ul>\n<li>A trav\u00e9s del buz\u00f3n de sugerencias que encontrar\u00e1s en la web del colegio dentro de la p\u00e1gina que pertenece al AMPAS.<\/li>\n<\/ul>\n<ul>\n<li>Dejando una nota con tus datos en el buz\u00f3n AMPAS que est\u00e1 en la porter\u00eda del colegio<\/li>\n<\/ul>\n<ul>\n<li>A trav\u00e9s del mail de AMPAS: \u00a0ampas.valenciasaa@salesianos.edu<\/li>\n<\/ul>\n<p>[\/et_pb_accordion_item][et_pb_accordion_item title=\u00bb\u00bfCu\u00e1ndo se paga la cuota de AMPAS?\u00bb _builder_version=\u00bb3.0.94&#8243; title_text_shadow_horizontal_length=\u00bb0em\u00bb title_text_shadow_vertical_length=\u00bb0em\u00bb title_text_shadow_blur_strength=\u00bb0em\u00bb body_text_shadow_horizontal_length=\u00bb0em\u00bb body_text_shadow_vertical_length=\u00bb0em\u00bb body_text_shadow_blur_strength=\u00bb0em\u00bb open=\u00bboff\u00bb]Se paga una vez al a\u00f1o, a trav\u00e9s del colegio, en el mes de diciembre. La cuota es anual y est\u00e1 establecida en 35 euros por familia.<br \/>\n[\/et_pb_accordion_item][et_pb_accordion_item title=\u00bb\u00bfC\u00f3mo puedo enterarme de las actividades que organiza AMPAS?\u00bb _builder_version=\u00bb3.0.94&#8243; title_text_shadow_horizontal_length=\u00bb0em\u00bb title_text_shadow_vertical_length=\u00bb0em\u00bb title_text_shadow_blur_strength=\u00bb0em\u00bb body_text_shadow_horizontal_length=\u00bb0em\u00bb body_text_shadow_vertical_length=\u00bb0em\u00bb body_text_shadow_blur_strength=\u00bb0em\u00bb open=\u00bboff\u00bb]AMPAS utiliza diferentes medios para comunicar sus actividades. El medio principal, para que os llegue a todas las familias, es Qualitas Educativa . Tambi\u00e9n publicamos a trav\u00e9s de nuestra p\u00e1gina web y de las redes sociales del colegio.<br \/>\n[\/et_pb_accordion_item][\/et_pb_accordion][\/et_pb_column][\/et_pb_row][\/et_pb_section]<\/p>\n","protected":false},"excerpt":{"rendered":"<p>&nbsp; \u00a0 \u00a0 PREGUNTAS FRECUENTES &nbsp; Hacerte socio\/a de AMPAS es muy f\u00e1cil, tan solo tienes que ir a la porter\u00eda del colegio\u00a0 y solicitar el impreso de autorizaci\u00f3n.Tienes tres formas de ponerte en contacto con nosotras\/os. A trav\u00e9s del buz\u00f3n de sugerencias que encontrar\u00e1s en la web del colegio dentro de la p\u00e1gina que [&hellip;]<\/p>\n","protected":false},"author":2,"featured_media":0,"parent":0,"menu_order":0,"comment_status":"closed","ping_status":"closed","template":"","meta":{"_et_pb_use_builder":"on","_et_pb_old_content":"","_et_gb_content_width":"","footnotes":""},"class_list":["post-7901","page","type-page","status-publish","hentry"],"yoast_head":"<!-- This site is optimized with the Yoast SEO plugin v27.3 - https:\/\/yoast.com\/product\/yoast-seo-wordpress\/ -->\n<title>Preguntas Frecuentes - AMPAS<\/title>\n<meta name=\"robots\" content=\"index, follow, max-snippet:-1, max-image-preview:large, max-video-preview:-1\" \/>\n<link rel=\"canonical\" href=\"https:\/\/valenciasaa.salesianos.edu\/ampas\/preguntas-frecuentes\/\" \/>\n<meta property=\"og:locale\" content=\"es_ES\" \/>\n<meta property=\"og:type\" content=\"article\" \/>\n<meta property=\"og:title\" content=\"Preguntas Frecuentes - AMPAS\" \/>\n<meta property=\"og:description\" content=\"&nbsp; \u00a0 \u00a0 PREGUNTAS FRECUENTES &nbsp; Hacerte socio\/a de AMPAS es muy f\u00e1cil, tan solo tienes que ir a la porter\u00eda del colegio\u00a0 y solicitar el impreso de autorizaci\u00f3n.Tienes tres formas de ponerte en contacto con nosotras\/os. A trav\u00e9s del buz\u00f3n de sugerencias que encontrar\u00e1s en la web del colegio dentro de la p\u00e1gina que [&hellip;]\" \/>\n<meta property=\"og:url\" content=\"https:\/\/valenciasaa.salesianos.edu\/ampas\/preguntas-frecuentes\/\" \/>\n<meta property=\"og:site_name\" content=\"AMPAS\" \/>\n<meta property=\"article:modified_time\" content=\"2018-10-11T12:26:46+00:00\" \/>\n<meta name=\"twitter:card\" content=\"summary_large_image\" \/>\n<meta name=\"twitter:label1\" content=\"Tiempo de lectura\" \/>\n\t<meta name=\"twitter:data1\" content=\"3 minutos\" \/>\n<script type=\"application\/ld+json\" class=\"yoast-schema-graph\">{\"@context\":\"https:\\\/\\\/schema.org\",\"@graph\":[{\"@type\":\"WebPage\",\"@id\":\"https:\\\/\\\/valenciasaa.salesianos.edu\\\/ampas\\\/preguntas-frecuentes\\\/\",\"url\":\"https:\\\/\\\/valenciasaa.salesianos.edu\\\/ampas\\\/preguntas-frecuentes\\\/\",\"name\":\"Preguntas Frecuentes - AMPAS\",\"isPartOf\":{\"@id\":\"https:\\\/\\\/valenciasaa.salesianos.edu\\\/ampas\\\/#website\"},\"datePublished\":\"2018-10-09T21:33:37+00:00\",\"dateModified\":\"2018-10-11T12:26:46+00:00\",\"breadcrumb\":{\"@id\":\"https:\\\/\\\/valenciasaa.salesianos.edu\\\/ampas\\\/preguntas-frecuentes\\\/#breadcrumb\"},\"inLanguage\":\"es\",\"potentialAction\":[{\"@type\":\"ReadAction\",\"target\":[\"https:\\\/\\\/valenciasaa.salesianos.edu\\\/ampas\\\/preguntas-frecuentes\\\/\"]}]},{\"@type\":\"BreadcrumbList\",\"@id\":\"https:\\\/\\\/valenciasaa.salesianos.edu\\\/ampas\\\/preguntas-frecuentes\\\/#breadcrumb\",\"itemListElement\":[{\"@type\":\"ListItem\",\"position\":1,\"name\":\"Portada\",\"item\":\"https:\\\/\\\/valenciasaa.salesianos.edu\\\/ampas\\\/\"},{\"@type\":\"ListItem\",\"position\":2,\"name\":\"Preguntas Frecuentes\"}]},{\"@type\":\"WebSite\",\"@id\":\"https:\\\/\\\/valenciasaa.salesianos.edu\\\/ampas\\\/#website\",\"url\":\"https:\\\/\\\/valenciasaa.salesianos.edu\\\/ampas\\\/\",\"name\":\"AMPAS\",\"description\":\"P\u00e1gina oficial de Salesianos San Antonio Abad Valencia\",\"potentialAction\":[{\"@type\":\"SearchAction\",\"target\":{\"@type\":\"EntryPoint\",\"urlTemplate\":\"https:\\\/\\\/valenciasaa.salesianos.edu\\\/ampas\\\/?s={search_term_string}\"},\"query-input\":{\"@type\":\"PropertyValueSpecification\",\"valueRequired\":true,\"valueName\":\"search_term_string\"}}],\"inLanguage\":\"es\"}]}<\/script>\n<!-- \/ Yoast SEO plugin. -->","yoast_head_json":{"title":"Preguntas Frecuentes - AMPAS","robots":{"index":"index","follow":"follow","max-snippet":"max-snippet:-1","max-image-preview":"max-image-preview:large","max-video-preview":"max-video-preview:-1"},"canonical":"https:\/\/valenciasaa.salesianos.edu\/ampas\/preguntas-frecuentes\/","og_locale":"es_ES","og_type":"article","og_title":"Preguntas Frecuentes - AMPAS","og_description":"&nbsp; \u00a0 \u00a0 PREGUNTAS FRECUENTES &nbsp; Hacerte socio\/a de AMPAS es muy f\u00e1cil, tan solo tienes que ir a la porter\u00eda del colegio\u00a0 y solicitar el impreso de autorizaci\u00f3n.Tienes tres formas de ponerte en contacto con nosotras\/os. A trav\u00e9s del buz\u00f3n de sugerencias que encontrar\u00e1s en la web del colegio dentro de la p\u00e1gina que [&hellip;]","og_url":"https:\/\/valenciasaa.salesianos.edu\/ampas\/preguntas-frecuentes\/","og_site_name":"AMPAS","article_modified_time":"2018-10-11T12:26:46+00:00","twitter_card":"summary_large_image","twitter_misc":{"Tiempo de lectura":"3 minutos"},"schema":{"@context":"https:\/\/schema.org","@graph":[{"@type":"WebPage","@id":"https:\/\/valenciasaa.salesianos.edu\/ampas\/preguntas-frecuentes\/","url":"https:\/\/valenciasaa.salesianos.edu\/ampas\/preguntas-frecuentes\/","name":"Preguntas Frecuentes - AMPAS","isPartOf":{"@id":"https:\/\/valenciasaa.salesianos.edu\/ampas\/#website"},"datePublished":"2018-10-09T21:33:37+00:00","dateModified":"2018-10-11T12:26:46+00:00","breadcrumb":{"@id":"https:\/\/valenciasaa.salesianos.edu\/ampas\/preguntas-frecuentes\/#breadcrumb"},"inLanguage":"es","potentialAction":[{"@type":"ReadAction","target":["https:\/\/valenciasaa.salesianos.edu\/ampas\/preguntas-frecuentes\/"]}]},{"@type":"BreadcrumbList","@id":"https:\/\/valenciasaa.salesianos.edu\/ampas\/preguntas-frecuentes\/#breadcrumb","itemListElement":[{"@type":"ListItem","position":1,"name":"Portada","item":"https:\/\/valenciasaa.salesianos.edu\/ampas\/"},{"@type":"ListItem","position":2,"name":"Preguntas Frecuentes"}]},{"@type":"WebSite","@id":"https:\/\/valenciasaa.salesianos.edu\/ampas\/#website","url":"https:\/\/valenciasaa.salesianos.edu\/ampas\/","name":"AMPAS","description":"P\u00e1gina oficial de Salesianos San Antonio Abad Valencia","potentialAction":[{"@type":"SearchAction","target":{"@type":"EntryPoint","urlTemplate":"https:\/\/valenciasaa.salesianos.edu\/ampas\/?s={search_term_string}"},"query-input":{"@type":"PropertyValueSpecification","valueRequired":true,"valueName":"search_term_string"}}],"inLanguage":"es"}]}},"_links":{"self":[{"href":"https:\/\/valenciasaa.salesianos.edu\/ampas\/wp-json\/wp\/v2\/pages\/7901","targetHints":{"allow":["GET"]}}],"collection":[{"href":"https:\/\/valenciasaa.salesianos.edu\/ampas\/wp-json\/wp\/v2\/pages"}],"about":[{"href":"https:\/\/valenciasaa.salesianos.edu\/ampas\/wp-json\/wp\/v2\/types\/page"}],"author":[{"embeddable":true,"href":"https:\/\/valenciasaa.salesianos.edu\/ampas\/wp-json\/wp\/v2\/users\/2"}],"replies":[{"embeddable":true,"href":"https:\/\/valenciasaa.salesianos.edu\/ampas\/wp-json\/wp\/v2\/comments?post=7901"}],"version-history":[{"count":2,"href":"https:\/\/valenciasaa.salesianos.edu\/ampas\/wp-json\/wp\/v2\/pages\/7901\/revisions"}],"predecessor-version":[{"id":7905,"href":"https:\/\/valenciasaa.salesianos.edu\/ampas\/wp-json\/wp\/v2\/pages\/7901\/revisions\/7905"}],"wp:attachment":[{"href":"https:\/\/valenciasaa.salesianos.edu\/ampas\/wp-json\/wp\/v2\/media?parent=7901"}],"curies":[{"name":"wp","href":"https:\/\/api.w.org\/{rel}","templated":true}]}}