{"id":2978,"date":"2017-06-21T22:54:41","date_gmt":"2017-06-21T20:54:41","guid":{"rendered":"https:\/\/valenciasaa.salesianos.edu\/parroquia\/catequesis-3\/"},"modified":"2025-11-22T14:06:24","modified_gmt":"2025-11-22T12:06:24","slug":"horarios","status":"publish","type":"page","link":"https:\/\/valenciasaa.salesianos.edu\/parroquia\/horarios\/","title":{"rendered":"Horarios"},"content":{"rendered":"<p>[et_pb_section fb_built=\u00bb1&#8243; fullwidth=\u00bbon\u00bb admin_label=\u00bbSecci\u00f3n\u00bb _builder_version=\u00bb4.16&#8243; background_image=\u00bbhttps:\/\/valenciasaa.salesianos.edu\/parroquia\/wp-content\/uploads\/sites\/6\/2017\/06\/bp04.jpg\u00bb global_colors_info=\u00bb{}\u00bb][et_pb_fullwidth_header title=\u00bbHorarios\u00bb title_font_color=\u00bb#ffffff\u00bb module_class=\u00bbpagina-imagen-cabecera\u00bb _builder_version=\u00bb4.17.3&#8243; title_text_color=\u00bb#ffffff\u00bb title_font_size=\u00bb40px\u00bb background_color=\u00bbrgba(255, 255, 255, 0)\u00bb background_image=\u00bbhttps:\/\/valenciasaa.salesianos.edu\/parroquia\/wp-content\/uploads\/sites\/6\/2022\/10\/IMG-5801-scaled.jpg\u00bb background_layout=\u00bblight\u00bb background_url=\u00bbhttp:\/\/webpiloto.salesianos.edu\/wp-content\/uploads\/2017\/02\/ImagenPAGINA01.png\u00bb global_colors_info=\u00bb{}\u00bb button_one_text_size__hover_enabled=\u00bboff\u00bb button_two_text_size__hover_enabled=\u00bboff\u00bb button_one_text_color__hover_enabled=\u00bboff\u00bb button_two_text_color__hover_enabled=\u00bboff\u00bb button_one_border_width__hover_enabled=\u00bboff\u00bb button_two_border_width__hover_enabled=\u00bboff\u00bb button_one_border_color__hover_enabled=\u00bboff\u00bb button_two_border_color__hover_enabled=\u00bboff\u00bb button_one_border_radius__hover_enabled=\u00bboff\u00bb button_two_border_radius__hover_enabled=\u00bboff\u00bb button_one_letter_spacing__hover_enabled=\u00bboff\u00bb button_two_letter_spacing__hover_enabled=\u00bboff\u00bb button_one_bg_color__hover_enabled=\u00bboff\u00bb button_two_bg_color__hover_enabled=\u00bboff\u00bb][\/et_pb_fullwidth_header][\/et_pb_section][et_pb_section fb_built=\u00bb1&#8243; admin_label=\u00bbSecci\u00f3n\u00bb module_class=\u00bbpagina-seccion-contenido\u00bb _builder_version=\u00bb4.16&#8243; custom_padding=\u00bb-4%||0px|\u00bb global_colors_info=\u00bb{}\u00bb][et_pb_row column_structure=\u00bb3_5,2_5&#8243; admin_label=\u00bbFila\u00bb module_class=\u00bbpagina-texto\u00bb _builder_version=\u00bb4.16&#8243; background_size=\u00bbinitial\u00bb background_position=\u00bbtop_left\u00bb background_repeat=\u00bbrepeat\u00bb custom_padding=\u00bb0px|0px|0px|0px||\u00bb global_colors_info=\u00bb{}\u00bb][et_pb_column type=\u00bb3_5&#8243; _builder_version=\u00bb4.16&#8243; custom_padding=\u00bb|||\u00bb global_colors_info=\u00bb{}\u00bb custom_padding__hover=\u00bb|||\u00bb][et_pb_text admin_label=\u00bbTexto\u00bb _builder_version=\u00bb4.17.3&#8243; background_size=\u00bbinitial\u00bb background_position=\u00bbtop_left\u00bb background_repeat=\u00bbrepeat\u00bb global_colors_info=\u00bb{}\u00bb]<\/p>\n<h2>Celebraciones<\/h2>\n<ul>\n<li style=\"text-align: justify;\"><strong>Lunes a Viernes:<\/strong> 8:30h + 20:00h<\/li>\n<\/ul>\n<ul>\n<li><strong>S\u00e1bados:<\/strong> 8:30h + 19:00 (misa de familia) + 20:00h<\/li>\n<\/ul>\n<ul>\n<li style=\"text-align: justify;\"><strong>Domingos:<\/strong> 9:30h + 12:00 + 20:00h<\/li>\n<\/ul>\n<h2>\u00a0<\/h2>\n<h2>Sacramento de la Reconciliaci\u00f3n<\/h2>\n<ul>\n<li><strong>Domingos y festivos:<\/strong> Antes de la celebraci\u00f3n de la eucarist\u00eda.<\/li>\n<\/ul>\n<ul>\n<li style=\"text-align: justify;\"><strong>D\u00edas Laborables:<\/strong> 11:00h-12:30h, 19:30-20:00h<\/li>\n<\/ul>\n<h2>\u00a0<\/h2>\n<h2 class=\"et_pb_module_header\">Bautismos<\/h2>\n<div>\n<ul>\n<li><strong>Los \u00faltimos domingos de cada mes<\/strong> a las 11,00 h.<\/li>\n<\/ul>\n<p>La v\u00edspera (17:00h) ENCUENTRO para padres y padrinos)<\/p>\n<\/div>\n<h2>\u00a0<\/h2>\n<h2>Horario Oficina<\/h2>\n<ul>\n<li>ATENCI\u00d3N PRESENCIAL<\/li>\n<\/ul>\n<p>11:00h &#8211; 12:30h + 18:00 &#8211; 19:30<\/p>\n<ul>\n<li style=\"text-align: justify;\">ATENCI\u00d3N TELEF\u00d3NICA\u00a0 &#x1f4de; 96 366 16 04<\/li>\n<\/ul>\n<h2>\u00a0<\/h2>\n<h2>Horario C\u00e1ritas<\/h2>\n<ul>\n<li style=\"text-align: justify;\">ATENCI\u00d3N PRESENCIAL\u00a0 (Mi\u00e9rcoles 17:30h &#8211; 19:30h)<\/li>\n<\/ul>\n<p style=\"text-align: justify;\"><img loading=\"lazy\" decoding=\"async\" src=\"https:\/\/images.seeklogo.com\/logo-png\/37\/1\/whatsapp-logo-png_seeklogo-378858.png\" alt=\"Whatsapp Logo PNG Vector (AI, CDR, EPS, PDF, SVG) Free Download\" width=\"27\" height=\"27\" style=\"font-size: 14px;\" \/><span style=\"font-size: 14px;\">\u00a0 CITA PREVIA (WhatsApp) 627 616 918 (Lunes)<\/span><\/p>\n<p>[\/et_pb_text][et_pb_cta title=\u00bbReserva espacios parroquia\u00bb button_url=\u00bbhttps:\/\/calendar.google.com\/calendar\/embed?src=c_hq0610odf8bu03u06r2fc76i0o%40group.calendar.google.com&#038;ctz=Europe%2FMadrid\u00bb url_new_window=\u00bbon\u00bb button_text=\u00bbM\u00e1s informaci\u00f3n\u00bb disabled_on=\u00bboff|off|off\u00bb admin_label=\u00bbUniforme y Equipaje (Llamada a la acci\u00f3n)\u00bb _builder_version=\u00bb4.16&#8243; header_font=\u00bbAmatic SC|on|||\u00bb header_font_size=\u00bb40px\u00bb body_font_size=\u00bb15px\u00bb background_color=\u00bbrgba(56,44,0,0.37)\u00bb background_image=\u00bbhttps:\/\/valenciasaa.salesianos.edu\/parroquia\/wp-content\/uploads\/sites\/6\/2020\/10\/images.jpeg\u00bb background_blend=\u00bbsoft-light\u00bb custom_button=\u00bbon\u00bb button_text_size=\u00bb18px\u00bb button_text_color=\u00bbrgba(56,44,0,0.37)\u00bb button_bg_color=\u00bb#ffffff\u00bb button_border_width=\u00bb0px\u00bb button_font=\u00bb||||||||\u00bb animation_style=\u00bbfade\u00bb box_shadow_style=\u00bbpreset3&#8243; box_shadow_style_button=\u00bbpreset3&#8243; locked=\u00bboff\u00bb global_colors_info=\u00bb{}\u00bb button_text_size__hover_enabled=\u00bboff\u00bb button_one_text_size__hover_enabled=\u00bboff\u00bb button_two_text_size__hover_enabled=\u00bboff\u00bb button_text_color__hover_enabled=\u00bboff\u00bb button_one_text_color__hover_enabled=\u00bboff\u00bb button_two_text_color__hover_enabled=\u00bboff\u00bb button_border_width__hover_enabled=\u00bboff\u00bb button_one_border_width__hover_enabled=\u00bboff\u00bb button_two_border_width__hover_enabled=\u00bboff\u00bb button_border_color__hover_enabled=\u00bboff\u00bb button_one_border_color__hover_enabled=\u00bboff\u00bb button_two_border_color__hover_enabled=\u00bboff\u00bb button_border_radius__hover_enabled=\u00bboff\u00bb button_one_border_radius__hover_enabled=\u00bboff\u00bb button_two_border_radius__hover_enabled=\u00bboff\u00bb button_letter_spacing__hover_enabled=\u00bboff\u00bb button_one_letter_spacing__hover_enabled=\u00bboff\u00bb button_two_letter_spacing__hover_enabled=\u00bboff\u00bb button_bg_color__hover_enabled=\u00bboff\u00bb button_one_bg_color__hover_enabled=\u00bboff\u00bb button_two_bg_color__hover_enabled=\u00bboff\u00bb]<\/p>\n<p><span>Para reservas contacten con Santi Mu\u00f1oz en 660787010 o <\/span><a href=\"mailto:santiagomunoz@salesianos.edu\">santiagomunoz@salesianos.edu<\/a><\/p>\n<p>[\/et_pb_cta][et_pb_code _builder_version=\u00bb4.17.3&#8243; _module_preset=\u00bbdefault\u00bb global_colors_info=\u00bb{}\u00bb]<!-- [et_pb_line_break_holder] -->[\/et_pb_code][\/et_pb_column][et_pb_column type=\u00bb2_5&#8243; _builder_version=\u00bb4.17.3&#8243; _module_preset=\u00bbdefault\u00bb global_colors_info=\u00bb{}\u00bb][et_pb_image src=\u00bbhttps:\/\/valenciasaa.salesianos.edu\/parroquia\/wp-content\/uploads\/sites\/6\/2025\/11\/Imagen-de-WhatsApp-2025-11-22-a-las-09.29.33_385fa554.jpg\u00bb title_text=\u00bbImagen de WhatsApp 2025-11-22 a las 09.29.33_385fa554&#8243; align=\u00bbcenter\u00bb disabled_on=\u00bboff|off|off\u00bb _builder_version=\u00bb4.27.4&#8243; _module_preset=\u00bbdefault\u00bb width=\u00bb100%\u00bb border_width_all=\u00bb1px\u00bb border_color_all=\u00bb#000000&#8243; global_colors_info=\u00bb{}\u00bb][\/et_pb_image][et_pb_image src=\u00bbhttps:\/\/valenciasaa.salesianos.edu\/parroquia\/wp-content\/uploads\/sites\/6\/2025\/11\/Momentos-de-Oracion-25-26.png\u00bb title_text=\u00bbMomentos de Oraci\u00f3n 25-26&#8243; align=\u00bbcenter\u00bb disabled_on=\u00bboff|off|off\u00bb _builder_version=\u00bb4.27.4&#8243; _module_preset=\u00bbdefault\u00bb width=\u00bb100%\u00bb border_width_all=\u00bb1px\u00bb border_color_all=\u00bb#000000&#8243; global_colors_info=\u00bb{}\u00bb][\/et_pb_image][et_pb_gallery gallery_ids=\u00bb3313,3314&#8243; fullwidth=\u00bbon\u00bb _builder_version=\u00bb4.27.4&#8243; _module_preset=\u00bbdefault\u00bb auto=\u00bbon\u00bb auto_speed=\u00bb3000&#8243; global_colors_info=\u00bb{}\u00bb][\/et_pb_gallery][et_pb_text _builder_version=\u00bb4.27.4&#8243; _module_preset=\u00bbdefault\u00bb global_colors_info=\u00bb{}\u00bb][\/et_pb_text][\/et_pb_column][\/et_pb_row][\/et_pb_section][et_pb_section fb_built=\u00bb1&#8243; _builder_version=\u00bb4.27.4&#8243; _module_preset=\u00bbdefault\u00bb global_colors_info=\u00bb{}\u00bb][\/et_pb_section]<\/p>\n","protected":false},"excerpt":{"rendered":"<p>Celebraciones Lunes a Viernes: 8:30h + 20:00h S\u00e1bados: 8:30h + 19:00 (misa de familia) + 20:00h Domingos: 9:30h + 12:00 + 20:00h \u00a0 Sacramento de la Reconciliaci\u00f3n Domingos y festivos: Antes de la celebraci\u00f3n de la eucarist\u00eda. D\u00edas Laborables: 11:00h-12:30h, 19:30-20:00h \u00a0 Bautismos Los \u00faltimos domingos de cada mes a las 11,00 h. La v\u00edspera [&hellip;]<\/p>\n","protected":false},"author":2,"featured_media":0,"parent":0,"menu_order":0,"comment_status":"closed","ping_status":"closed","template":"","meta":{"_et_pb_use_builder":"on","_et_pb_old_content":"","_et_gb_content_width":"","footnotes":""},"class_list":["post-2978","page","type-page","status-publish","hentry"],"yoast_head":"<!-- This site is optimized with the Yoast SEO plugin v27.4 - https:\/\/yoast.com\/product\/yoast-seo-wordpress\/ -->\n<title>Horarios - Parroquia Salesiana San Antonio Abad<\/title>\n<meta name=\"robots\" content=\"index, follow, max-snippet:-1, max-image-preview:large, max-video-preview:-1\" \/>\n<link rel=\"canonical\" href=\"https:\/\/valenciasaa.salesianos.edu\/parroquia\/horarios\/\" \/>\n<meta property=\"og:locale\" content=\"es_ES\" \/>\n<meta property=\"og:type\" content=\"article\" \/>\n<meta property=\"og:title\" content=\"Horarios - Parroquia Salesiana San Antonio Abad\" \/>\n<meta property=\"og:description\" content=\"Celebraciones Lunes a Viernes: 8:30h + 20:00h S\u00e1bados: 8:30h + 19:00 (misa de familia) + 20:00h Domingos: 9:30h + 12:00 + 20:00h \u00a0 Sacramento de la Reconciliaci\u00f3n Domingos y festivos: Antes de la celebraci\u00f3n de la eucarist\u00eda. D\u00edas Laborables: 11:00h-12:30h, 19:30-20:00h \u00a0 Bautismos Los \u00faltimos domingos de cada mes a las 11,00 h. La v\u00edspera [&hellip;]\" \/>\n<meta property=\"og:url\" content=\"https:\/\/valenciasaa.salesianos.edu\/parroquia\/horarios\/\" \/>\n<meta property=\"og:site_name\" content=\"Parroquia Salesiana San Antonio Abad\" \/>\n<meta property=\"article:modified_time\" content=\"2025-11-22T12:06:24+00:00\" \/>\n<meta property=\"og:image\" content=\"https:\/\/images.seeklogo.com\/logo-png\/37\/1\/whatsapp-logo-png_seeklogo-378858.png\" \/>\n<meta name=\"twitter:card\" content=\"summary_large_image\" \/>\n<meta name=\"twitter:label1\" content=\"Tiempo de lectura\" \/>\n\t<meta name=\"twitter:data1\" content=\"2 minutos\" \/>\n<script type=\"application\/ld+json\" class=\"yoast-schema-graph\">{\"@context\":\"https:\\\/\\\/schema.org\",\"@graph\":[{\"@type\":\"WebPage\",\"@id\":\"https:\\\/\\\/valenciasaa.salesianos.edu\\\/parroquia\\\/horarios\\\/\",\"url\":\"https:\\\/\\\/valenciasaa.salesianos.edu\\\/parroquia\\\/horarios\\\/\",\"name\":\"Horarios - Parroquia Salesiana San Antonio Abad\",\"isPartOf\":{\"@id\":\"https:\\\/\\\/valenciasaa.salesianos.edu\\\/parroquia\\\/#website\"},\"primaryImageOfPage\":{\"@id\":\"https:\\\/\\\/valenciasaa.salesianos.edu\\\/parroquia\\\/horarios\\\/#primaryimage\"},\"image\":{\"@id\":\"https:\\\/\\\/valenciasaa.salesianos.edu\\\/parroquia\\\/horarios\\\/#primaryimage\"},\"thumbnailUrl\":\"https:\\\/\\\/images.seeklogo.com\\\/logo-png\\\/37\\\/1\\\/whatsapp-logo-png_seeklogo-378858.png\",\"datePublished\":\"2017-06-21T20:54:41+00:00\",\"dateModified\":\"2025-11-22T12:06:24+00:00\",\"breadcrumb\":{\"@id\":\"https:\\\/\\\/valenciasaa.salesianos.edu\\\/parroquia\\\/horarios\\\/#breadcrumb\"},\"inLanguage\":\"es\",\"potentialAction\":[{\"@type\":\"ReadAction\",\"target\":[\"https:\\\/\\\/valenciasaa.salesianos.edu\\\/parroquia\\\/horarios\\\/\"]}]},{\"@type\":\"ImageObject\",\"inLanguage\":\"es\",\"@id\":\"https:\\\/\\\/valenciasaa.salesianos.edu\\\/parroquia\\\/horarios\\\/#primaryimage\",\"url\":\"https:\\\/\\\/images.seeklogo.com\\\/logo-png\\\/37\\\/1\\\/whatsapp-logo-png_seeklogo-378858.png\",\"contentUrl\":\"https:\\\/\\\/images.seeklogo.com\\\/logo-png\\\/37\\\/1\\\/whatsapp-logo-png_seeklogo-378858.png\"},{\"@type\":\"BreadcrumbList\",\"@id\":\"https:\\\/\\\/valenciasaa.salesianos.edu\\\/parroquia\\\/horarios\\\/#breadcrumb\",\"itemListElement\":[{\"@type\":\"ListItem\",\"position\":1,\"name\":\"Portada\",\"item\":\"https:\\\/\\\/valenciasaa.salesianos.edu\\\/parroquia\\\/\"},{\"@type\":\"ListItem\",\"position\":2,\"name\":\"Horarios\"}]},{\"@type\":\"WebSite\",\"@id\":\"https:\\\/\\\/valenciasaa.salesianos.edu\\\/parroquia\\\/#website\",\"url\":\"https:\\\/\\\/valenciasaa.salesianos.edu\\\/parroquia\\\/\",\"name\":\"Parroquia Salesiana San Antonio Abad\",\"description\":\"P\u00e1gina oficial de Salesianos San Antonio Abad Valencia\",\"potentialAction\":[{\"@type\":\"SearchAction\",\"target\":{\"@type\":\"EntryPoint\",\"urlTemplate\":\"https:\\\/\\\/valenciasaa.salesianos.edu\\\/parroquia\\\/?s={search_term_string}\"},\"query-input\":{\"@type\":\"PropertyValueSpecification\",\"valueRequired\":true,\"valueName\":\"search_term_string\"}}],\"inLanguage\":\"es\"}]}<\/script>\n<!-- \/ Yoast SEO plugin. -->","yoast_head_json":{"title":"Horarios - Parroquia Salesiana San Antonio Abad","robots":{"index":"index","follow":"follow","max-snippet":"max-snippet:-1","max-image-preview":"max-image-preview:large","max-video-preview":"max-video-preview:-1"},"canonical":"https:\/\/valenciasaa.salesianos.edu\/parroquia\/horarios\/","og_locale":"es_ES","og_type":"article","og_title":"Horarios - Parroquia Salesiana San Antonio Abad","og_description":"Celebraciones Lunes a Viernes: 8:30h + 20:00h S\u00e1bados: 8:30h + 19:00 (misa de familia) + 20:00h Domingos: 9:30h + 12:00 + 20:00h \u00a0 Sacramento de la Reconciliaci\u00f3n Domingos y festivos: Antes de la celebraci\u00f3n de la eucarist\u00eda. D\u00edas Laborables: 11:00h-12:30h, 19:30-20:00h \u00a0 Bautismos Los \u00faltimos domingos de cada mes a las 11,00 h. La v\u00edspera [&hellip;]","og_url":"https:\/\/valenciasaa.salesianos.edu\/parroquia\/horarios\/","og_site_name":"Parroquia Salesiana San Antonio Abad","article_modified_time":"2025-11-22T12:06:24+00:00","og_image":[{"url":"https:\/\/images.seeklogo.com\/logo-png\/37\/1\/whatsapp-logo-png_seeklogo-378858.png","type":"","width":"","height":""}],"twitter_card":"summary_large_image","twitter_misc":{"Tiempo de lectura":"2 minutos"},"schema":{"@context":"https:\/\/schema.org","@graph":[{"@type":"WebPage","@id":"https:\/\/valenciasaa.salesianos.edu\/parroquia\/horarios\/","url":"https:\/\/valenciasaa.salesianos.edu\/parroquia\/horarios\/","name":"Horarios - Parroquia Salesiana San Antonio Abad","isPartOf":{"@id":"https:\/\/valenciasaa.salesianos.edu\/parroquia\/#website"},"primaryImageOfPage":{"@id":"https:\/\/valenciasaa.salesianos.edu\/parroquia\/horarios\/#primaryimage"},"image":{"@id":"https:\/\/valenciasaa.salesianos.edu\/parroquia\/horarios\/#primaryimage"},"thumbnailUrl":"https:\/\/images.seeklogo.com\/logo-png\/37\/1\/whatsapp-logo-png_seeklogo-378858.png","datePublished":"2017-06-21T20:54:41+00:00","dateModified":"2025-11-22T12:06:24+00:00","breadcrumb":{"@id":"https:\/\/valenciasaa.salesianos.edu\/parroquia\/horarios\/#breadcrumb"},"inLanguage":"es","potentialAction":[{"@type":"ReadAction","target":["https:\/\/valenciasaa.salesianos.edu\/parroquia\/horarios\/"]}]},{"@type":"ImageObject","inLanguage":"es","@id":"https:\/\/valenciasaa.salesianos.edu\/parroquia\/horarios\/#primaryimage","url":"https:\/\/images.seeklogo.com\/logo-png\/37\/1\/whatsapp-logo-png_seeklogo-378858.png","contentUrl":"https:\/\/images.seeklogo.com\/logo-png\/37\/1\/whatsapp-logo-png_seeklogo-378858.png"},{"@type":"BreadcrumbList","@id":"https:\/\/valenciasaa.salesianos.edu\/parroquia\/horarios\/#breadcrumb","itemListElement":[{"@type":"ListItem","position":1,"name":"Portada","item":"https:\/\/valenciasaa.salesianos.edu\/parroquia\/"},{"@type":"ListItem","position":2,"name":"Horarios"}]},{"@type":"WebSite","@id":"https:\/\/valenciasaa.salesianos.edu\/parroquia\/#website","url":"https:\/\/valenciasaa.salesianos.edu\/parroquia\/","name":"Parroquia Salesiana San Antonio Abad","description":"P\u00e1gina oficial de Salesianos San Antonio Abad Valencia","potentialAction":[{"@type":"SearchAction","target":{"@type":"EntryPoint","urlTemplate":"https:\/\/valenciasaa.salesianos.edu\/parroquia\/?s={search_term_string}"},"query-input":{"@type":"PropertyValueSpecification","valueRequired":true,"valueName":"search_term_string"}}],"inLanguage":"es"}]}},"_links":{"self":[{"href":"https:\/\/valenciasaa.salesianos.edu\/parroquia\/wp-json\/wp\/v2\/pages\/2978","targetHints":{"allow":["GET"]}}],"collection":[{"href":"https:\/\/valenciasaa.salesianos.edu\/parroquia\/wp-json\/wp\/v2\/pages"}],"about":[{"href":"https:\/\/valenciasaa.salesianos.edu\/parroquia\/wp-json\/wp\/v2\/types\/page"}],"author":[{"embeddable":true,"href":"https:\/\/valenciasaa.salesianos.edu\/parroquia\/wp-json\/wp\/v2\/users\/2"}],"replies":[{"embeddable":true,"href":"https:\/\/valenciasaa.salesianos.edu\/parroquia\/wp-json\/wp\/v2\/comments?post=2978"}],"version-history":[{"count":62,"href":"https:\/\/valenciasaa.salesianos.edu\/parroquia\/wp-json\/wp\/v2\/pages\/2978\/revisions"}],"predecessor-version":[{"id":3330,"href":"https:\/\/valenciasaa.salesianos.edu\/parroquia\/wp-json\/wp\/v2\/pages\/2978\/revisions\/3330"}],"wp:attachment":[{"href":"https:\/\/valenciasaa.salesianos.edu\/parroquia\/wp-json\/wp\/v2\/media?parent=2978"}],"curies":[{"name":"wp","href":"https:\/\/api.w.org\/{rel}","templated":true}]}}